 - 9. Suppose -2 = -z + 5. Let c be n(z). What is the highest common factor of 18 and c?
18
Let p be ((-14)/4)/(1/12). Let o be p*3/6*-5. Calculate the greatest common factor of 15 and o.
15
Let q = -5 + 3. Let a = 4 + q. Suppose -5*b - 2 = g, -b = 2*g + a*b - 10. Calculate the greatest common factor of 32 and g.
8
Let t be ((-1)/(-1))/(2*(-7)/(-154)). What is the greatest common factor of 88 and t?
11
Let v be ((2 - 2) + 1)*-4. Let a = -4 - v. Let g be ((a + 28)*2)/1. Calculate the highest common divisor of 8 and g.
8
Suppose 173*t = 171*t + 32. What is the greatest common factor of 192 and t?
16
Suppose 0 = v + 4*o - 24, 0 = 5*o - 1 - 4. Let h(a) = a - 4. Let l be h(9). What is the greatest common divisor of l and v?
5
Suppose 0 = -15*o + 3*o + 132. Calculate the highest common factor of 3 and o.
1
Let f be -2*(6 - 2 - 2). Let v be 141/4 - 3/f. Calculate the greatest common factor of 18 and v.
18
Let t = -6 + 13. Suppose 0 = -y + 11 + t. Suppose y = -0*i + 2*i. What is the greatest common divisor of i and 72?
9
Let f(r) = -r**3 + r**2 - 2*r - 4. Let i be f(-3). Suppose -g + i = -7. Calculate the highest common divisor of 5 and g.
5
Let h(a) = 3*a**2 - a. Let g be h(-1). Let v = 6 + -1. Let y be -1 - (1 + v)/(-3). Calculate the highest common divisor of g and y.
1
Let a(b) = -b**2 - 9*b - 6. Let o be a(-4). What is the greatest common divisor of o and 7?
7
Let h = 35 + -9. What is the greatest common factor of 39 and h?
13
Let v = -21 + 32. Let f(p) = 18*p**2 + 1. Let o be f(1). Suppose o = -3*k - 3*l + 319, -3*l + 3 = 0. What is the greatest common factor of k and v?
11
Let m = -3 - -13. Calculate the highest common factor of m and 50.
10
Suppose -3*m - c = -96, 0 = -4*m - 4*c + 40 + 88. Suppose 0 = 5*b - 21 + 1. Calculate the highest common factor of b and m.
4
Suppose l = -4*j - 8, -1 - 5 = 3*j. Suppose 8 = -l*n + 2*n. Calculate the highest common divisor of n and 16.
4
Suppose 4*s = -2*g - 22, -4*g + 4*s + 0*s = -16. Let m(d) = 47*d**3 + 1. Let l be m(g). Let t = l - -106. Calculate the greatest common factor of 24 and t.
12
Suppose -v + 3*y + 78 = -0*v, 2*v - 3*y = 141. What is the greatest common factor of 42 and v?
21
Let o be (-29 + 1)*(-3)/6. Let t be 228/o - (-10)/(-35). What is the greatest common divisor of 2 and t?
2
Let s(b) = b**3 + 55. Let i be s(0). Let l = -5 - 7. Let x = l + 17. What is the highest common divisor of x and i?
5
Let s be (1*162*1)/1. Suppose 0*r = 3*r - s. Calculate the greatest common divisor of 81 and r.
27
Let y = 14 - 9. Calculate the greatest common factor of y and 1.
1
Let u(q) = 2*q - 6. Let o be u(6). Suppose -4*b - 3*r = -8, -5*b = 4*r - o - 4. Suppose b*y - 25 = -9. Calculate the greatest common divisor of y and 8.
8
Let j = -6 - -24. What is the greatest common divisor of 45 and j?
9
Suppose 3*y - 118 - 202 = -4*p, 0 = 5*y - 4*p - 480. Let x = 106 + -81. Calculate the highest common divisor of x and y.
25
Suppose -4*r - 25 + 125 = 0. What is the greatest common factor of 75 and r?
25
Suppose c + 0*h - 14 = 4*h, 0 = -5*c - h + 7. Suppose x = -0*x + 3*p + 18, c*p - 2 = 0. What is the highest common factor of x and 63?
21
Suppose 0 = -2*a - 3*u + u + 4, 4*a = 4*u. Suppose 7 = 3*i + 5*d, i - 4*d + 3 = -7*d. What is the highest common divisor of i and a?
1
Let s be ((-1)/(4/(-60)))/1. Suppose 2*i = -2*i - 5*z + 315, 84 = i + 3*z. Calculate the highest common factor of i and s.
15
Let n(o) = o**3 - 2*o**2 + 2*o + 4. Let z be n(3). What is the highest common factor of 38 and z?
19
Suppose -i - i + 154 = 0. Calculate the greatest common divisor of i and 11.
11
Let v(y) = -y**2 + 11*y + 2. Let i be v(11). Suppose 0*s + i*j = 2*s - 10, 2*s - j = 7. Calculate the greatest common factor of 2 and s.
2
Suppose -5*q - 17 - 58 = 0. Let v = -5 - q. Let n(l) = l**3 + 9*l**2 + 7*l + 5. Let s be n(-5). What is the greatest common factor of v and s?
10
Suppose 4*n + t - 16 = 3*t, 2*t + 21 = 5*n. Calculate the greatest common divisor of n and 45.
5
Let u(a) = a**2 + 8 - 10*a + 0*a**2 - 2*a**2. Let y be u(-10). Let n = 1 + 1. What is the highest common divisor of n and y?
2
Let y(l) = 9*l. Let c be y(1). Calculate the highest common factor of 81 and c.
9
Suppose 3*x - 922 = -4*f + 4*x, 3*x + 466 = 2*f. Suppose -4*h + 16 = 0, -5*l + 5*h + f = -0*l. What is the greatest common factor of 20 and l?
10
Suppose 11 = -h + 4. Let q = h - -19. Calculate the highest common divisor of q and 84.
12
Suppose -90 = -4*a - 2. Calculate the highest common factor of a and 11.
11
Let c be ((-21)/(-9) - 3)*-3. Let x(m) = -c*m + m - 2 + 12. Let n be x(-10). Calculate the highest common divisor of n and 60.
20
Suppose 0 = 3*f - j - 26, 24 = 2*f + 4*j - 12. Calculate the greatest common divisor of 90 and f.
10
Suppose -3 = 2*x - 31. Calculate the greatest common divisor of 126 and x.
14
Let x(c) = -3*c - 23. Let d be x(-15). What is the greatest common factor of 198 and d?
22
Let v(w) = 12*w**3 - 2*w**2 - 2*w + 2. Let b be v(-2). Let l = -14 - b. What is the greatest common factor of l and 28?
28
Suppose -3*o = -5*o + 30. Let c = 9 - 5. Let x be (-2)/1 + c + 133. What is the greatest common divisor of x and o?
15
Let y = -25 + 59. Let t = y - 19. Let z = 31 - t. Calculate the highest common divisor of z and 8.
8
Let k = 9 + -8. Let q be (1 + k)/((-1)/(-30)). Suppose 5*i - i = q. Calculate the greatest common factor of 6 and i.
3
Suppose 4*w + 14 = 46. Suppose 3*k = w + 16. What is the greatest common factor of 20 and k?
4
Let v be ((-15)/(-10))/((-1)/(-6)). Calculate the greatest common divisor of 9 and v.
9
Let k(t) = 3*t - 2. Let h be k(1). Let x be h/((-298)/(-99) + -3). Calculate the greatest common divisor of x and 11.
11
Let x(g) = g**3 + 10*g**2 - 11*g + 7. Let k be x(-9). What is the highest common factor of 17 and k?
17
Suppose 41 = 3*w + 17. Suppose 22 = 2*f - w. What is the greatest common factor of 10 and f?
5
Let b(y) = -y - 8. Let q be b(-6). Let t be q*12/(-8) + 67. Let x be 28/((-1)/(-2 + 1)). What is the highest common factor of x and t?
14
Let f = 4 - 12. Let k be (-102)/f + 1/4. Suppose -3*r = -8*r + 15, 0 = l - 5*r - 128. What is the greatest common divisor of l and k?
13
Let b(k) = 14*k + 1. Let y be b(2). Let t = -18 + y. Suppose u + 1 = t. What is the highest common divisor of 2 and u?
2
Let k = -111 + 131. Calculate the greatest common factor of k and 5.
5
Let y be 14 + (-2 - (0 - 1)). Suppose 10*z - 4*z = 390. What is the greatest common factor of y and z?
13
Let k be 239/5 - (4/(-20) + 0). What is the highest common divisor of k and 32?
16
Let d = 48 + 71. What is the highest common factor of d and 17?
17
Suppose -14 = -2*b + b. What is the highest common factor of 112 and b?
14
Let h(v) = -2*v - 4. Let y be h(-3). Let f = -10 - -20. Calculate the greatest common divisor of y and f.
2
Let i = 0 - 0. Let v be i - (-10 - 0/(-2)). Let z be (2 - -4)*(-1 + (-13)/(-3)). What is the highest common factor of z and v?
10
Let j = 0 - 1. Let c be j/2 - 38/(-4). Suppose 4*t - c = 55. What is the highest common divisor of t and 16?
16
Suppose 3*q = 5*q - 242. What is the greatest common divisor of 11 and q?
11
Let o be 8 + -9 - (-72)/2. Suppose 2*k - 66 = -4*b, b + 4*k = -3 + 37. What is the highest common divisor of b and o?
7
Suppose -6 = 3*g + 5*x - 1, -4*x - 26 = -2*g. Suppose 1 = 2*f + 7. Let d be (16/4 + f)/1. Calculate the highest common divisor of g and d.
1
Let r(n) = n**3 - 8*n**2 + 6*n - 4. Let p be r(8). What is the greatest common divisor of p and 4?
4
Let t = 61 + -25. Calculate the greatest common factor of 4 and t.
4
Let w(d) = -1 + 1 + d - 14 + 7*d. Let h be w(10). What is the highest common factor of h and 6?
6
Suppose 3*w - 12 = -3*n, -2*n - 2*w = 2*w - 6. Suppose 0 = g - 5*h - 30, -3*h = 4*g - 187 - 25. What is the greatest common divisor of g and n?
5
Suppose 0*i + 2*i = 6. Suppose d + i*d + 4*r + 8 = 0, 40 = 5*d - 5*r. What is the highest common divisor of 3 and d?
3
Let v(a) = 3*a**2 + 8*a - 37. Let x be v(6). Calculate the highest common factor of x and 17.
17
Suppose 40 = 3*p + 2*p. Let u be 112 - -4*(-4)/p. What is the greatest common divisor of 10 and u?
10
Let x(l) = l**3 - 2*l**2 - 3*l - 1. Let z be x(3). Let b be (-15)/(z*2/6). Calculate the highest common divisor of b and 18.
9
Suppose 2*x + 2*x